{"id":1366,"date":"2019-05-18T09:49:18","date_gmt":"2019-05-18T07:49:18","guid":{"rendered":"https:\/\/rebbz-winterhude.hamburg.de\/?page_id=1366"},"modified":"2019-05-18T09:49:18","modified_gmt":"2019-05-18T07:49:18","slug":"schweriner-schloss","status":"publish","type":"page","link":"https:\/\/rebbz-winterhude.hamburg.de\/?page_id=1366","title":{"rendered":"Schweriner Schloss"},"content":{"rendered":"<p style=\"text-align: justify\">Am 09.04. machten sich die Klassen 7 d<img loading=\"lazy\" decoding=\"async\" class=\"wp-image-1367 alignright\" src=\"https:\/\/rebbz-winterhude.hamburg.de\/wp-content\/uploads\/sites\/656\/2019\/05\/schwerin4-242x300.jpg\" alt=\"\" width=\"192\" height=\"238\" srcset=\"https:\/\/rebbz-winterhude.hamburg.de\/wp-content\/uploads\/sites\/656\/2019\/05\/schwerin4-242x300.jpg 242w, https:\/\/rebbz-winterhude.hamburg.de\/wp-content\/uploads\/sites\/656\/2019\/05\/schwerin4-768x953.jpg 768w, https:\/\/rebbz-winterhude.hamburg.de\/wp-content\/uploads\/sites\/656\/2019\/05\/schwerin4-826x1024.jpg 826w, https:\/\/rebbz-winterhude.hamburg.de\/wp-content\/uploads\/sites\/656\/2019\/05\/schwerin4.jpg 1140w\" sizes=\"auto, (max-width: 192px) 100vw, 192px\" \/>er Schule Brucknerstra\u00dfe mit der Regionalbahn auf den Weg nach Schwerin. Dort angekommen, ging es direkt Richtung Schloss, wo die Sch\u00fclerinnen und Sch\u00fcler eine F\u00fchrung durch das beeindruckende und prunkvolle Ge\u00e4ude erwartete. Danach kehrten wir zur St\u00e4rkung ins Restaurant &#8222;Herzogliche Dampfw\u00e4scherei ein&#8220; und a\u00dfen bei <img loading=\"lazy\" decoding=\"async\" class=\" wp-image-1368 alignleft\" src=\"https:\/\/rebbz-winterhude.hamburg.de\/wp-content\/uploads\/sites\/656\/2019\/05\/Scchwerin2-169x300.jpg\" alt=\"\" width=\"130\" height=\"231\" srcset=\"https:\/\/rebbz-winterhude.hamburg.de\/wp-content\/uploads\/sites\/656\/2019\/05\/Scchwerin2-169x300.jpg 169w, https:\/\/rebbz-winterhude.hamburg.de\/wp-content\/uploads\/sites\/656\/2019\/05\/Scchwerin2-768x1365.jpg 768w, https:\/\/rebbz-winterhude.hamburg.de\/wp-content\/uploads\/sites\/656\/2019\/05\/Scchwerin2-576x1024.jpg 576w, https:\/\/rebbz-winterhude.hamburg.de\/wp-content\/uploads\/sites\/656\/2019\/05\/Scchwerin2.jpg 1152w\" sizes=\"auto, (max-width: 130px) 100vw, 130px\" \/>guten Tischmarnieren im edlen Lokal. Im Anschluss erkundeten wir die sch\u00f6nen Stra\u00dfen, Geb\u00e4ude und Fassaden der Stadt. Leider ging der wundersch\u00f6ne Tage viel zu schnell zu Ende.<\/p>\n<p>Danke an Frau Nordhoff, die uns bei diesem Ausflug mit d<img loading=\"lazy\" decoding=\"async\" class=\"size-medium wp-image-1369 alignright\" src=\"https:\/\/rebbz-winterhude.hamburg.de\/wp-content\/uploads\/sites\/656\/2019\/05\/Schwerin1-169x300.jpg\" alt=\"\" width=\"169\" height=\"300\" srcset=\"https:\/\/rebbz-winterhude.hamburg.de\/wp-content\/uploads\/sites\/656\/2019\/05\/Schwerin1-169x300.jpg 169w, https:\/\/rebbz-winterhude.hamburg.de\/wp-content\/uploads\/sites\/656\/2019\/05\/Schwerin1-768x1365.jpg 768w, https:\/\/rebbz-winterhude.hamburg.de\/wp-content\/uploads\/sites\/656\/2019\/05\/Schwerin1-576x1024.jpg 576w, https:\/\/rebbz-winterhude.hamburg.de\/wp-content\/uploads\/sites\/656\/2019\/05\/Schwerin1.jpg 1152w\" sizes=\"auto, (max-width: 169px) 100vw, 169px\" \/>em&nbsp; Kulturabo unterst\u00fctzt hat.<\/p>\n","protected":false},"excerpt":{"rendered":"<p>Am 09.04. machten sich die Klassen 7 der Schule Brucknerstra\u00dfe mit der Regionalbahn auf den Weg nach Schwerin. Dort angekommen, ging es direkt Richtung Schloss, wo die Sch\u00fclerinnen und Sch\u00fcler eine F\u00fchrung durch das beeindruckende und prunkvolle Ge\u00e4ude erwartete. Danach kehrten wir zur St\u00e4rkung ins Restaurant &#8222;Herzogliche Dampfw\u00e4scherei ein&#8220; und a\u00dfen bei guten Tischmarnieren im &hellip; <a href=\"https:\/\/rebbz-winterhude.hamburg.de\/?page_id=1366\" class=\"more-link\"><span class=\"screen-reader-text\">Schweriner Schloss<\/span> weiterlesen <span class=\"meta-nav\">&rarr;<\/span><\/a><\/p>\n","protected":false},"author":761,"featured_media":0,"parent":0,"menu_order":0,"comment_status":"closed","ping_status":"closed","template":"","meta":{"_acf_changed":false,"footnotes":""},"class_list":["post-1366","page","type-page","status-publish","hentry"],"acf":[],"_links":{"self":[{"href":"https:\/\/rebbz-winterhude.hamburg.de\/index.php?rest_route=\/wp\/v2\/pages\/1366","targetHints":{"allow":["GET"]}}],"collection":[{"href":"https:\/\/rebbz-winterhude.hamburg.de\/index.php?rest_route=\/wp\/v2\/pages"}],"about":[{"href":"https:\/\/rebbz-winterhude.hamburg.de\/index.php?rest_route=\/wp\/v2\/types\/page"}],"author":[{"embeddable":true,"href":"https:\/\/rebbz-winterhude.hamburg.de\/index.php?rest_route=\/wp\/v2\/users\/761"}],"replies":[{"embeddable":true,"href":"https:\/\/rebbz-winterhude.hamburg.de\/index.php?rest_route=%2Fwp%2Fv2%2Fcomments&post=1366"}],"version-history":[{"count":1,"href":"https:\/\/rebbz-winterhude.hamburg.de\/index.php?rest_route=\/wp\/v2\/pages\/1366\/revisions"}],"predecessor-version":[{"id":1372,"href":"https:\/\/rebbz-winterhude.hamburg.de\/index.php?rest_route=\/wp\/v2\/pages\/1366\/revisions\/1372"}],"wp:attachment":[{"href":"https:\/\/rebbz-winterhude.hamburg.de\/index.php?rest_route=%2Fwp%2Fv2%2Fmedia&parent=1366"}],"curies":[{"name":"wp","href":"https:\/\/api.w.org\/{rel}","templated":true}]}}