{"id":1405,"date":"2019-08-28T07:30:26","date_gmt":"2019-08-28T05:30:26","guid":{"rendered":"https:\/\/rebbz-winterhude.hamburg.de\/?page_id=1405"},"modified":"2022-11-28T15:56:45","modified_gmt":"2022-11-28T14:56:45","slug":"schulsozialarbeit","status":"publish","type":"page","link":"https:\/\/rebbz-winterhude.hamburg.de\/?page_id=1405","title":{"rendered":"Schulsozialarbeit"},"content":{"rendered":"<p><strong>Schulsozialarbeit in der Brucknerstra\u00dfe&nbsp;&nbsp;&nbsp;&nbsp;&nbsp;&nbsp;&nbsp;&nbsp;&nbsp;&nbsp;&nbsp;&nbsp;&nbsp;&nbsp;&nbsp;&nbsp;&nbsp;&nbsp;&nbsp; <\/strong><\/p>\n<p style=\"text-align: justify\"><img loading=\"lazy\" decoding=\"async\" class=\"size-medium wp-image-979 alignleft\" src=\"https:\/\/rebbz-winterhude.hamburg.de\/wp-content\/uploads\/sites\/656\/2018\/03\/Strich-senkrecht-gr\u00fcn-54x300.jpg\" alt=\"\" width=\"54\" height=\"300\" srcset=\"https:\/\/rebbz-winterhude.hamburg.de\/wp-content\/uploads\/sites\/656\/2018\/03\/Strich-senkrecht-gr\u00fcn-54x300.jpg 54w, https:\/\/rebbz-winterhude.hamburg.de\/wp-content\/uploads\/sites\/656\/2018\/03\/Strich-senkrecht-gr\u00fcn-184x1024.jpg 184w, https:\/\/rebbz-winterhude.hamburg.de\/wp-content\/uploads\/sites\/656\/2018\/03\/Strich-senkrecht-gr\u00fcn.jpg 248w\" sizes=\"auto, (max-width: 54px) 100vw, 54px\" \/><\/p>\n<p style=\"text-align: justify\"><strong>Frau Eindorf<\/strong> &nbsp;ist Sozialp\u00e4dagogin und f\u00fcr die Sch\u00fcler:innen&nbsp; pr\u00e4sent und jederzeit ansprechbar. Wenn ein Sch\u00fcler:in Gespr\u00e4chs- oder Beratungsbedarf hat, der vertraulich ist, besteht die M\u00f6glichkeit Frau Eindorf eine Nachricht in dem hausinternen Briefkasten der Schulsozialarbeit zu&nbsp; hinterlassen. Das Beratungsangebot richtet sich an Sch\u00fcler:innen, an Eltern und an die Lehrkr\u00e4fte des Standortes. Die Beratungsm\u00f6glichkeiten sind vielf\u00e4ltig und sollen zur Verbesserung der Lebenssituation von Sch\u00fcler*innen beitragen und die Schule als einem positiven Lernort erhalten.<\/p>\n<p><strong>Sie umfassen u.a.:<\/strong><\/p>\n<ul>\n<li><strong>Mediation bei Streit&nbsp; und Mobbing<img loading=\"lazy\" decoding=\"async\" class=\" wp-image-1014 alignright\" src=\"https:\/\/rebbz-winterhude.hamburg.de\/wp-content\/uploads\/sites\/656\/2018\/04\/Kleckse-gelb-300x288.jpg\" alt=\"\" width=\"99\" height=\"95\" srcset=\"https:\/\/rebbz-winterhude.hamburg.de\/wp-content\/uploads\/sites\/656\/2018\/04\/Kleckse-gelb-300x288.jpg 300w, https:\/\/rebbz-winterhude.hamburg.de\/wp-content\/uploads\/sites\/656\/2018\/04\/Kleckse-gelb.jpg 615w\" sizes=\"auto, (max-width: 99px) 100vw, 99px\" \/><\/strong><\/li>\n<li><strong>Kriseninterventionen (z. B. bei Liebeskummer, Trennung der Eltern, etc.)<\/strong><\/li>\n<li><strong>Vermittlung externer Hilfen (z. B. Jugendamt und Beratungsstellen)<\/strong><\/li>\n<li><strong>Gespr\u00e4chsangebote bei Problemen ( z. B. im Elternhaus, in der Schule, mit Freunden)<\/strong><\/li>\n<li><strong>Gespr\u00e4chsangebote f\u00fcr Eltern<\/strong><\/li>\n<li><strong>Austausch mit der Beratungsabteilung des ReBBZ Winterhude und der Schulsozialarbeit am Standort Eschenweg und den externen Hilfen<\/strong><\/li>\n<\/ul>\n<p style=\"text-align: justify\">Damit der Zugang von Schulsozialarbeit zu Sch\u00fcler*innen stattfinden kann, sind verl\u00e4ssliche Kontakte und regelhafte Angebote wichtig.<\/p>\n<p><strong>Daher bieten wir an:<\/strong><\/p>\n<ul>\n<li><strong>Begleitung und Unterst\u00fctzung im Unterricht<\/strong><\/li>\n<\/ul>\n<p style=\"text-align: justify\">Um das ganzheitliche Lernen zu intensivieren, wird soziales Lernen in den Klassen durch Soziales Kompetenztraining&nbsp; (z. B. nach Petermann) oder als individuelles Einzeltraining angeboten.<\/p>\n<ul>\n<li><strong>Beziehungsarbeit<\/strong><\/li>\n<\/ul>\n<p style=\"text-align: justify\">Besonders die freizeitp\u00e4dagogischen Angebote in den Pausen schaffen oft eine Vertrauensbasis und erm\u00f6glichen eine positive Zusammenarbeit. Es wird, f\u00fcr die Sch\u00fcler*innen, verschiedene Pausengestaltungen angeboten. Sie k\u00f6nnen kreativ sein, ein Ruheangebot nutzen, Gesellschaftsspiele spielen oder einfach Gespr\u00e4che f\u00fchren.<\/p>\n<p>Weitere Inhalte der Schulsozialarbeit Brucknerstra\u00dfe sind Pr\u00e4ventions- und Interventionsangebote in den Klassen, in Kleingruppen (auch genderspezifisch) oder als Einzelarbeit.<\/p>\n<ul>\n<li><strong>Sozialtrainings zum Thema Gewalt<\/strong><\/li>\n<\/ul>\n<p style=\"text-align: justify\">Frau Eindorf ist ausgebildete Cool-in-School Trainerin <u>https:\/\/www.hamburg.de\/cool-in-school\/<\/u>.&nbsp; &nbsp;Bei Bedarf werden Kurse f\u00fcr Coolness als eine Form der Gewaltpr\u00e4vention in den Schulalltag integriert und verankert. &nbsp;<\/p>\n<ul>\n<li><strong>Pr\u00e4ventive Projektarbeit in den Klassen zu Peergroup relevanten Themen<\/strong><\/li>\n<li><strong>BeOs (Begleitung von Opfern in Schulen)<\/strong> <u>https:\/\/www.hamburg.de\/beos\/<\/u><\/li>\n<li><strong>Suchtpr\u00e4vention<\/strong><\/li>\n<\/ul>\n<table>\n<tbody>\n<tr>\n<td style=\"width: 69.28px\"><span style=\"font-size: 16px\"><strong>Kontakt<\/strong><\/span><\/td>\n<td style=\"width: 369.71px\"><strong>Martje Eindorf<\/strong><br \/>\n<strong>LZ: 279\/539<\/strong><br \/>\n<strong>Tel. 0404288657-50<\/strong><br \/>\n<strong>Fax 040 4288657-66<\/strong><br \/>\n<strong>Martje.eindorf@rebbzwin.hamburg.de<\/strong><\/td>\n<\/tr>\n<\/tbody>\n<\/table>\n","protected":false},"excerpt":{"rendered":"<p>Schulsozialarbeit in der Brucknerstra\u00dfe&nbsp;&nbsp;&nbsp;&nbsp;&nbsp;&nbsp;&nbsp;&nbsp;&nbsp;&nbsp;&nbsp;&nbsp;&nbsp;&nbsp;&nbsp;&nbsp;&nbsp;&nbsp;&nbsp; Frau Eindorf &nbsp;ist Sozialp\u00e4dagogin und f\u00fcr die Sch\u00fcler:innen&nbsp; pr\u00e4sent und jederzeit ansprechbar. Wenn ein Sch\u00fcler:in Gespr\u00e4chs- oder Beratungsbedarf hat, der vertraulich ist, besteht die M\u00f6glichkeit Frau Eindorf eine Nachricht in dem hausinternen Briefkasten der Schulsozialarbeit zu&nbsp; hinterlassen. Das Beratungsangebot richtet sich an Sch\u00fcler:innen, an Eltern und an die Lehrkr\u00e4fte des Standortes. &hellip; <a href=\"https:\/\/rebbz-winterhude.hamburg.de\/?page_id=1405\" class=\"more-link\"><span class=\"screen-reader-text\">Schulsozialarbeit<\/span> weiterlesen <span class=\"meta-nav\">&rarr;<\/span><\/a><\/p>\n","protected":false},"author":761,"featured_media":0,"parent":0,"menu_order":0,"comment_status":"closed","ping_status":"closed","template":"","meta":{"_acf_changed":false,"footnotes":""},"class_list":["post-1405","page","type-page","status-publish","hentry"],"acf":[],"_links":{"self":[{"href":"https:\/\/rebbz-winterhude.hamburg.de\/index.php?rest_route=\/wp\/v2\/pages\/1405","targetHints":{"allow":["GET"]}}],"collection":[{"href":"https:\/\/rebbz-winterhude.hamburg.de\/index.php?rest_route=\/wp\/v2\/pages"}],"about":[{"href":"https:\/\/rebbz-winterhude.hamburg.de\/index.php?rest_route=\/wp\/v2\/types\/page"}],"author":[{"embeddable":true,"href":"https:\/\/rebbz-winterhude.hamburg.de\/index.php?rest_route=\/wp\/v2\/users\/761"}],"replies":[{"embeddable":true,"href":"https:\/\/rebbz-winterhude.hamburg.de\/index.php?rest_route=%2Fwp%2Fv2%2Fcomments&post=1405"}],"version-history":[{"count":4,"href":"https:\/\/rebbz-winterhude.hamburg.de\/index.php?rest_route=\/wp\/v2\/pages\/1405\/revisions"}],"predecessor-version":[{"id":1927,"href":"https:\/\/rebbz-winterhude.hamburg.de\/index.php?rest_route=\/wp\/v2\/pages\/1405\/revisions\/1927"}],"wp:attachment":[{"href":"https:\/\/rebbz-winterhude.hamburg.de\/index.php?rest_route=%2Fwp%2Fv2%2Fmedia&parent=1405"}],"curies":[{"name":"wp","href":"https:\/\/api.w.org\/{rel}","templated":true}]}}