{"id":1470,"date":"2020-01-26T17:26:33","date_gmt":"2020-01-26T16:26:33","guid":{"rendered":"https:\/\/rebbz-winterhude.hamburg.de\/?page_id=1470"},"modified":"2020-01-26T17:26:42","modified_gmt":"2020-01-26T16:26:42","slug":"footprints-for-future","status":"publish","type":"page","link":"https:\/\/rebbz-winterhude.hamburg.de\/?page_id=1470","title":{"rendered":"Footprints For Future"},"content":{"rendered":"<p><span style=\"color: #008000\"><strong>Wie gro\u00df ist mein pers\u00f6nlicher \u00f6kologischer Fu\u00dfabdruck?<\/strong><\/span><\/p>\n<p><span style=\"color: #008080\"><strong>Was tue ich bereits, um ihn zu verkleinern?<\/strong><\/span><\/p>\n<p><span style=\"color: #808000\"><strong>Was k\u00f6nnte ich zuk\u00fcnftig noch tun, um den Klimaschutz zu st\u00e4rken?<\/strong><\/span><\/p>\n<p style=\"text-align: justify\">Alle Klassen unserer Schule n<img loading=\"lazy\" decoding=\"async\" class=\" wp-image-1471 alignright\" src=\"https:\/\/rebbz-winterhude.hamburg.de\/wp-content\/uploads\/sites\/656\/2020\/01\/IMG_4609-218x300.jpg\" alt=\"\" width=\"137\" height=\"189\" srcset=\"https:\/\/rebbz-winterhude.hamburg.de\/wp-content\/uploads\/sites\/656\/2020\/01\/IMG_4609-218x300.jpg 218w, https:\/\/rebbz-winterhude.hamburg.de\/wp-content\/uploads\/sites\/656\/2020\/01\/IMG_4609-768x1059.jpg 768w, https:\/\/rebbz-winterhude.hamburg.de\/wp-content\/uploads\/sites\/656\/2020\/01\/IMG_4609-743x1024.jpg 743w, https:\/\/rebbz-winterhude.hamburg.de\/wp-content\/uploads\/sites\/656\/2020\/01\/IMG_4609.jpg 1393w\" sizes=\"auto, (max-width: 137px) 100vw, 137px\" \/>ehmen an der Kunstaktion des Thalia Theaters \u201eFootprints for future\u201c im Rahmen der Lessingtage teil.<\/p>\n<p style=\"text-align: justify\">Wir berechnen den eigen Fu\u00dfabdruck, diskutieren \u00fcber Ideen zum Klimaschutz und gestalten unseren Fu\u00dfabdruck auf bereits genutzten Bodentuchstoffen aus dem Thalia Theater.<\/p>\n<p style=\"text-align: justify\">Auf <img loading=\"lazy\" decoding=\"async\" class=\" wp-image-1472 alignleft\" src=\"https:\/\/rebbz-winterhude.hamburg.de\/wp-content\/uploads\/sites\/656\/2020\/01\/Footprints-300x300.jpg\" alt=\"\" width=\"183\" height=\"183\" srcset=\"https:\/\/rebbz-winterhude.hamburg.de\/wp-content\/uploads\/sites\/656\/2020\/01\/Footprints-300x300.jpg 300w, https:\/\/rebbz-winterhude.hamburg.de\/wp-content\/uploads\/sites\/656\/2020\/01\/Footprints-150x150.jpg 150w, https:\/\/rebbz-winterhude.hamburg.de\/wp-content\/uploads\/sites\/656\/2020\/01\/Footprints.jpg 409w\" sizes=\"auto, (max-width: 183px) 100vw, 183px\" \/>dem Gerhart-Hauptmann-Platz neben dem Thalia werden unsere Footprints for Future vom 17. Januar bis 9. Februar 2020 &nbsp;in einer gro\u00dfen Open-Air-Kunstinstallation mit denen von \u00fcber 1.000&nbsp; Sch\u00fclerinnen und Sch\u00fcler aus Hamburg und Umgebung pr\u00e4sentiert.<\/p>\n<p style=\"text-align: center\"><span style=\"font-size: 20px\"><strong><span style=\"color: #339966\">Wie sieht dein\/Ihr Footprint aus?<\/span><\/strong><\/span><\/p>\n","protected":false},"excerpt":{"rendered":"<p>Wie gro\u00df ist mein pers\u00f6nlicher \u00f6kologischer Fu\u00dfabdruck? Was tue ich bereits, um ihn zu verkleinern? Was k\u00f6nnte ich zuk\u00fcnftig noch tun, um den Klimaschutz zu st\u00e4rken? Alle Klassen unserer Schule nehmen an der Kunstaktion des Thalia Theaters \u201eFootprints for future\u201c im Rahmen der Lessingtage teil. Wir berechnen den eigen Fu\u00dfabdruck, diskutieren \u00fcber Ideen zum Klimaschutz &hellip; <a href=\"https:\/\/rebbz-winterhude.hamburg.de\/?page_id=1470\" class=\"more-link\"><span class=\"screen-reader-text\">Footprints For Future<\/span> weiterlesen <span class=\"meta-nav\">&rarr;<\/span><\/a><\/p>\n","protected":false},"author":761,"featured_media":0,"parent":0,"menu_order":0,"comment_status":"closed","ping_status":"closed","template":"","meta":{"_acf_changed":false,"footnotes":""},"class_list":["post-1470","page","type-page","status-publish","hentry"],"acf":[],"_links":{"self":[{"href":"https:\/\/rebbz-winterhude.hamburg.de\/index.php?rest_route=\/wp\/v2\/pages\/1470","targetHints":{"allow":["GET"]}}],"collection":[{"href":"https:\/\/rebbz-winterhude.hamburg.de\/index.php?rest_route=\/wp\/v2\/pages"}],"about":[{"href":"https:\/\/rebbz-winterhude.hamburg.de\/index.php?rest_route=\/wp\/v2\/types\/page"}],"author":[{"embeddable":true,"href":"https:\/\/rebbz-winterhude.hamburg.de\/index.php?rest_route=\/wp\/v2\/users\/761"}],"replies":[{"embeddable":true,"href":"https:\/\/rebbz-winterhude.hamburg.de\/index.php?rest_route=%2Fwp%2Fv2%2Fcomments&post=1470"}],"version-history":[{"count":0,"href":"https:\/\/rebbz-winterhude.hamburg.de\/index.php?rest_route=\/wp\/v2\/pages\/1470\/revisions"}],"wp:attachment":[{"href":"https:\/\/rebbz-winterhude.hamburg.de\/index.php?rest_route=%2Fwp%2Fv2%2Fmedia&parent=1470"}],"curies":[{"name":"wp","href":"https:\/\/api.w.org\/{rel}","templated":true}]}}