{"id":1639,"date":"2021-04-05T12:10:48","date_gmt":"2021-04-05T10:10:48","guid":{"rendered":"https:\/\/rebbz-winterhude.hamburg.de\/?page_id=1639"},"modified":"2021-04-05T12:10:48","modified_gmt":"2021-04-05T10:10:48","slug":"sumsumsum-die-bienen-sind-da","status":"publish","type":"page","link":"https:\/\/rebbz-winterhude.hamburg.de\/?page_id=1639","title":{"rendered":"Sumsumsum&#8230;.Die Bienen sind da!"},"content":{"rendered":"<p><strong>Seit Ostersamstag hat die Schule Brucknerstra\u00dfe neue Mitbewohner!<\/strong><\/p>\n<p><img loading=\"lazy\" decoding=\"async\" class=\"size-medium wp-image-1646 alignleft\" src=\"https:\/\/rebbz-winterhude.hamburg.de\/wp-content\/uploads\/sites\/656\/2021\/04\/signal-2021-04-03-1500346-225x300.jpg\" alt=\"\" width=\"225\" height=\"300\" srcset=\"https:\/\/rebbz-winterhude.hamburg.de\/wp-content\/uploads\/sites\/656\/2021\/04\/signal-2021-04-03-1500346-225x300.jpg 225w, https:\/\/rebbz-winterhude.hamburg.de\/wp-content\/uploads\/sites\/656\/2021\/04\/signal-2021-04-03-1500346-768x1024.jpg 768w, https:\/\/rebbz-winterhude.hamburg.de\/wp-content\/uploads\/sites\/656\/2021\/04\/signal-2021-04-03-1500346.jpg 1152w\" sizes=\"auto, (max-width: 225px) 100vw, 225px\" \/><\/p>\n<p style=\"text-align: justify\">Gegen Mittag kam der Bienenvater Herr Akay mit einem gro\u00dfen gelben Kasten auf den Schulhof gefahren. Darin: ein Bienenvolk, das im hinteren Teil unseres Schulhofes nun ein neues Zuhause gefunden hat.<\/p>\n<p style=\"text-align: justify\">Jetzt m\u00fcssen die Bienen sich erstmal an die neue Umgebung gew\u00f6hnen. Der Auftrag ist klar: Nektar sammeln und Honig<img loading=\"lazy\" decoding=\"async\" class=\"size-medium wp-image-1644 alignright\" src=\"https:\/\/rebbz-winterhude.hamburg.de\/wp-content\/uploads\/sites\/656\/2021\/04\/signal-2021-04-03-1500344-225x300.jpg\" alt=\"\" width=\"225\" height=\"300\" srcset=\"https:\/\/rebbz-winterhude.hamburg.de\/wp-content\/uploads\/sites\/656\/2021\/04\/signal-2021-04-03-1500344-225x300.jpg 225w, https:\/\/rebbz-winterhude.hamburg.de\/wp-content\/uploads\/sites\/656\/2021\/04\/signal-2021-04-03-1500344-768x1024.jpg 768w, https:\/\/rebbz-winterhude.hamburg.de\/wp-content\/uploads\/sites\/656\/2021\/04\/signal-2021-04-03-1500344.jpg 1152w\" sizes=\"auto, (max-width: 225px) 100vw, 225px\" \/>produzieren, den wir dann im Juli \u201eernten\u201c k\u00f6nnen. Herr Akay, der weiter f\u00fcr die Bienen hauptverantwortlich ist und regelm\u00e4\u00dfig nach ihnen sieht, bietet f\u00fcr ausgew\u00e4hlte Gruppen immer mal wieder an, sich die Bienen ganz aus der N\u00e4he anzuschauen.<\/p>\n<p style=\"text-align: justify\">F\u00fcr uns Sch\u00fcler- und Lehrer*innen gibt es ab jetzt aber noch viel mehr M\u00f6glichkeiten,&nbsp; sich mit den Bienen zu besch\u00e4ftigen: z.B. einen Namen f\u00fcr das Bienenvolk finden, Blumensaat ausstreuen, Seedbombs basteln, Bienen beobachten, Etiketten gestalten f\u00fcr die Honiggl\u00e4ser, \u2026. undundund.<\/p>\n<p style=\"text-align: justify\">Das wird ein flei\u00dfiger Sommer \u2013 f\u00fcr die Bienen und f\u00fcr uns!<\/p>\n<p style=\"text-align: justify\">Machen wir was draus!<\/p>\n<div id='gallery-1' class='gallery galleryid-1639 gallery-columns-4 gallery-size-thumbnail'><figure class='gallery-item'>\n\t\t\t<div class='gallery-icon portrait'>\n\t\t\t\t<a href='https:\/\/rebbz-winterhude.hamburg.de\/?attachment_id=1647'><img loading=\"lazy\" decoding=\"async\" id=\"bsb-copyright-img-1\" width=\"150\" height=\"150\" src=\"https:\/\/rebbz-winterhude.hamburg.de\/wp-content\/uploads\/sites\/656\/2021\/04\/signal-2021-04-03-1500347-150x150.jpg\" class=\"attachment-thumbnail size-thumbnail\" alt=\"\" \/><a class=\"bsb-media-copyright-link\" id=\"bsb-copyright-reflink-1\" href=\"#bsb-copyright-ref-1\" title=\"BSB\">\u00a9 1<\/a><\/a>\n\t\t\t<\/div><\/figure><figure class='gallery-item'>\n\t\t\t<div class='gallery-icon portrait'>\n\t\t\t\t<a href='https:\/\/rebbz-winterhude.hamburg.de\/?attachment_id=1646'><img loading=\"lazy\" decoding=\"async\" id=\"bsb-copyright-img-2\" width=\"150\" height=\"150\" src=\"https:\/\/rebbz-winterhude.hamburg.de\/wp-content\/uploads\/sites\/656\/2021\/04\/signal-2021-04-03-1500346-150x150.jpg\" class=\"attachment-thumbnail size-thumbnail\" alt=\"\" \/><a class=\"bsb-media-copyright-link\" id=\"bsb-copyright-reflink-2\" href=\"#bsb-copyright-ref-2\" title=\"BSB\">\u00a9 2<\/a><\/a>\n\t\t\t<\/div><\/figure><figure class='gallery-item'>\n\t\t\t<div class='gallery-icon portrait'>\n\t\t\t\t<a href='https:\/\/rebbz-winterhude.hamburg.de\/?attachment_id=1645'><img loading=\"lazy\" decoding=\"async\" id=\"bsb-copyright-img-3\" width=\"150\" height=\"150\" src=\"https:\/\/rebbz-winterhude.hamburg.de\/wp-content\/uploads\/sites\/656\/2021\/04\/signal-2021-04-03-1500345-150x150.jpg\" class=\"attachment-thumbnail size-thumbnail\" alt=\"\" \/><a class=\"bsb-media-copyright-link\" id=\"bsb-copyright-reflink-3\" href=\"#bsb-copyright-ref-3\" title=\"BSB\">\u00a9 3<\/a><\/a>\n\t\t\t<\/div><\/figure><figure class='gallery-item'>\n\t\t\t<div class='gallery-icon portrait'>\n\t\t\t\t<a href='https:\/\/rebbz-winterhude.hamburg.de\/?attachment_id=1644'><img loading=\"lazy\" decoding=\"async\" id=\"bsb-copyright-img-4\" width=\"150\" height=\"150\" src=\"https:\/\/rebbz-winterhude.hamburg.de\/wp-content\/uploads\/sites\/656\/2021\/04\/signal-2021-04-03-1500344-150x150.jpg\" class=\"attachment-thumbnail size-thumbnail\" alt=\"\" \/><a class=\"bsb-media-copyright-link\" id=\"bsb-copyright-reflink-4\" href=\"#bsb-copyright-ref-4\" title=\"BSB\">\u00a9 4<\/a><\/a>\n\t\t\t<\/div><\/figure><figure class='gallery-item'>\n\t\t\t<div class='gallery-icon portrait'>\n\t\t\t\t<a href='https:\/\/rebbz-winterhude.hamburg.de\/?attachment_id=1643'><img loading=\"lazy\" decoding=\"async\" id=\"bsb-copyright-img-5\" width=\"150\" height=\"150\" src=\"https:\/\/rebbz-winterhude.hamburg.de\/wp-content\/uploads\/sites\/656\/2021\/04\/signal-2021-04-03-1500343-150x150.jpg\" class=\"attachment-thumbnail size-thumbnail\" alt=\"\" \/><a class=\"bsb-media-copyright-link\" id=\"bsb-copyright-reflink-5\" href=\"#bsb-copyright-ref-5\" title=\"BSB\">\u00a9 5<\/a><\/a>\n\t\t\t<\/div><\/figure><figure class='gallery-item'>\n\t\t\t<div class='gallery-icon portrait'>\n\t\t\t\t<a href='https:\/\/rebbz-winterhude.hamburg.de\/?attachment_id=1642'><img loading=\"lazy\" decoding=\"async\" id=\"bsb-copyright-img-6\" width=\"150\" height=\"150\" src=\"https:\/\/rebbz-winterhude.hamburg.de\/wp-content\/uploads\/sites\/656\/2021\/04\/signal-2021-04-03-1500342-150x150.jpg\" class=\"attachment-thumbnail size-thumbnail\" alt=\"\" \/><a class=\"bsb-media-copyright-link\" id=\"bsb-copyright-reflink-6\" href=\"#bsb-copyright-ref-6\" title=\"BSB\">\u00a9 6<\/a><\/a>\n\t\t\t<\/div><\/figure><figure class='gallery-item'>\n\t\t\t<div class='gallery-icon portrait'>\n\t\t\t\t<a href='https:\/\/rebbz-winterhude.hamburg.de\/?attachment_id=1641'><img loading=\"lazy\" decoding=\"async\" id=\"bsb-copyright-img-7\" width=\"150\" height=\"150\" src=\"https:\/\/rebbz-winterhude.hamburg.de\/wp-content\/uploads\/sites\/656\/2021\/04\/signal-2021-04-03-1500341-150x150.jpg\" class=\"attachment-thumbnail size-thumbnail\" alt=\"\" \/><a class=\"bsb-media-copyright-link\" id=\"bsb-copyright-reflink-7\" href=\"#bsb-copyright-ref-7\" title=\"BSB\">\u00a9 7<\/a><\/a>\n\t\t\t<\/div><\/figure><figure class='gallery-item'>\n\t\t\t<div class='gallery-icon portrait'>\n\t\t\t\t<a href='https:\/\/rebbz-winterhude.hamburg.de\/?attachment_id=1640'><img loading=\"lazy\" decoding=\"async\" id=\"bsb-copyright-img-8\" width=\"150\" height=\"150\" src=\"https:\/\/rebbz-winterhude.hamburg.de\/wp-content\/uploads\/sites\/656\/2021\/04\/signal-2021-04-03-150034-150x150.jpg\" class=\"attachment-thumbnail size-thumbnail\" alt=\"\" \/><a class=\"bsb-media-copyright-link\" id=\"bsb-copyright-reflink-8\" href=\"#bsb-copyright-ref-8\" title=\"BSB\">\u00a9 8<\/a><\/a>\n\t\t\t<\/div><\/figure>\n\t\t<\/div>\n\n","protected":false},"excerpt":{"rendered":"<p>Seit Ostersamstag hat die Schule Brucknerstra\u00dfe neue Mitbewohner! Gegen Mittag kam der Bienenvater Herr Akay mit einem gro\u00dfen gelben Kasten auf den Schulhof gefahren. Darin: ein Bienenvolk, das im hinteren Teil unseres Schulhofes nun ein neues Zuhause gefunden hat. Jetzt m\u00fcssen die Bienen sich erstmal an die neue Umgebung gew\u00f6hnen. Der Auftrag ist klar: Nektar &hellip; <a href=\"https:\/\/rebbz-winterhude.hamburg.de\/?page_id=1639\" class=\"more-link\"><span class=\"screen-reader-text\">Sumsumsum&#8230;.Die Bienen sind da!<\/span> weiterlesen <span class=\"meta-nav\">&rarr;<\/span><\/a><\/p>\n","protected":false},"author":761,"featured_media":0,"parent":0,"menu_order":0,"comment_status":"closed","ping_status":"closed","template":"","meta":{"_acf_changed":false,"footnotes":""},"class_list":["post-1639","page","type-page","status-publish","hentry"],"acf":[],"_links":{"self":[{"href":"https:\/\/rebbz-winterhude.hamburg.de\/index.php?rest_route=\/wp\/v2\/pages\/1639","targetHints":{"allow":["GET"]}}],"collection":[{"href":"https:\/\/rebbz-winterhude.hamburg.de\/index.php?rest_route=\/wp\/v2\/pages"}],"about":[{"href":"https:\/\/rebbz-winterhude.hamburg.de\/index.php?rest_route=\/wp\/v2\/types\/page"}],"author":[{"embeddable":true,"href":"https:\/\/rebbz-winterhude.hamburg.de\/index.php?rest_route=\/wp\/v2\/users\/761"}],"replies":[{"embeddable":true,"href":"https:\/\/rebbz-winterhude.hamburg.de\/index.php?rest_route=%2Fwp%2Fv2%2Fcomments&post=1639"}],"version-history":[{"count":2,"href":"https:\/\/rebbz-winterhude.hamburg.de\/index.php?rest_route=\/wp\/v2\/pages\/1639\/revisions"}],"predecessor-version":[{"id":1649,"href":"https:\/\/rebbz-winterhude.hamburg.de\/index.php?rest_route=\/wp\/v2\/pages\/1639\/revisions\/1649"}],"wp:attachment":[{"href":"https:\/\/rebbz-winterhude.hamburg.de\/index.php?rest_route=%2Fwp%2Fv2%2Fmedia&parent=1639"}],"curies":[{"name":"wp","href":"https:\/\/api.w.org\/{rel}","templated":true}]}}