{"id":233,"date":"2016-06-02T14:05:30","date_gmt":"2016-06-02T12:05:30","guid":{"rendered":"http:\/\/sandbox.schulhomepages.hamburg.de\/?page_id=233"},"modified":"2026-02-02T09:01:18","modified_gmt":"2026-02-02T08:01:18","slug":"kontakt","status":"publish","type":"page","link":"https:\/\/rebbz-winterhude.hamburg.de\/?page_id=233","title":{"rendered":"Kontakt"},"content":{"rendered":"<p>Bitte schreiben Sie uns gerne Ihr Anliegen an nachfolgende eMail-Adresse:<\/p>\n<p><a href=\"mailto:rebbz-winterhude-bildung-eschenweg@bsb.hamburg.de\">rebbz-winterhude-bildung-laemmersieth@bsfb.hamburg.de<\/a><\/p>\n<p><a href=\"mailto:rebbz-winterhude-bildung-brucknerstrasse@bsb.hamburg.de\">rebbz-winterhude-bildung-brucknerstrasse@bsfb.hamburg.de<\/a><\/p>\n<p><a href=\"mailto:rebbz-winterhude-beratung@bsb.hamburg.de\">rebbz-winterhude-beratung@bsfb.hamburg.de<\/a><\/p>\n<p>Um Sie angemessen unterst\u00fctzen und beraten zu k\u00f6nnen, m\u00f6chten wir Sie bitten, dass Sie freiwillig Ihren Namen, eMail-Adresse sowie Ihre Nachricht an uns senden.<\/p>\n<p><img loading=\"lazy\" decoding=\"async\" class=\"alignnone wp-image-575\" src=\"https:\/\/rebbz-eimsbuettel.hamburg.de\/wp-content\/uploads\/sites\/250\/2016\/05\/beratung.png\" alt=\"\" width=\"251\" height=\"167\"><\/p>\n<p>Die von Ihnen freiwillig abgesendeten Daten werden nur zum Zweck der Bearbeitung Ihres Anliegens verarbeitet. Weitere Informationen finden Sie in unserer <a href=\"https:\/\/rebbz-winterhude.hamburg.de\/?page_id=1097\">Datenschutzerkl\u00e4rung<\/a>.<\/p>\n<p align=\"center\"><span style=\"font-family: arial,helvetica,sans-serif;font-size: 12pt\"><a href=\"mailto:grundschule@bindfeldweg.de\" target=\"_blank\" rel=\"noopener noreferrer\">&nbsp;<\/a><\/span><\/p>\n<div align=\"center\">\n<p><span style=\"font-family: arial,helvetica,sans-serif;font-size: 12pt\">&nbsp;<\/span><\/p>\n<\/div>\n","protected":false},"excerpt":{"rendered":"<p>Bitte schreiben Sie uns gerne Ihr Anliegen an nachfolgende eMail-Adresse: rebbz-winterhude-bildung-laemmersieth@bsfb.hamburg.de rebbz-winterhude-bildung-brucknerstrasse@bsfb.hamburg.de rebbz-winterhude-beratung@bsfb.hamburg.de Um Sie angemessen unterst\u00fctzen und beraten zu k\u00f6nnen, m\u00f6chten wir Sie bitten, dass Sie freiwillig Ihren Namen, eMail-Adresse sowie Ihre Nachricht an uns senden. Die von Ihnen freiwillig abgesendeten Daten werden nur zum Zweck der Bearbeitung Ihres Anliegens verarbeitet. Weitere Informationen finden &hellip; <a href=\"https:\/\/rebbz-winterhude.hamburg.de\/?page_id=233\" class=\"more-link\"><span class=\"screen-reader-text\">Kontakt<\/span> weiterlesen <span class=\"meta-nav\">&rarr;<\/span><\/a><\/p>\n","protected":false},"author":13,"featured_media":0,"parent":0,"menu_order":0,"comment_status":"closed","ping_status":"closed","template":"","meta":{"_acf_changed":false,"footnotes":""},"class_list":["post-233","page","type-page","status-publish","hentry"],"acf":[],"_links":{"self":[{"href":"https:\/\/rebbz-winterhude.hamburg.de\/index.php?rest_route=\/wp\/v2\/pages\/233","targetHints":{"allow":["GET"]}}],"collection":[{"href":"https:\/\/rebbz-winterhude.hamburg.de\/index.php?rest_route=\/wp\/v2\/pages"}],"about":[{"href":"https:\/\/rebbz-winterhude.hamburg.de\/index.php?rest_route=\/wp\/v2\/types\/page"}],"author":[{"embeddable":true,"href":"https:\/\/rebbz-winterhude.hamburg.de\/index.php?rest_route=\/wp\/v2\/users\/13"}],"replies":[{"embeddable":true,"href":"https:\/\/rebbz-winterhude.hamburg.de\/index.php?rest_route=%2Fwp%2Fv2%2Fcomments&post=233"}],"version-history":[{"count":6,"href":"https:\/\/rebbz-winterhude.hamburg.de\/index.php?rest_route=\/wp\/v2\/pages\/233\/revisions"}],"predecessor-version":[{"id":2239,"href":"https:\/\/rebbz-winterhude.hamburg.de\/index.php?rest_route=\/wp\/v2\/pages\/233\/revisions\/2239"}],"wp:attachment":[{"href":"https:\/\/rebbz-winterhude.hamburg.de\/index.php?rest_route=%2Fwp%2Fv2%2Fmedia&parent=233"}],"curies":[{"name":"wp","href":"https:\/\/api.w.org\/{rel}","templated":true}]}}