{"id":242,"date":"2016-06-09T12:59:27","date_gmt":"2016-06-09T10:59:27","guid":{"rendered":"http:\/\/sandbox.schulhomepages.hamburg.de\/?page_id=242"},"modified":"2023-03-20T11:27:38","modified_gmt":"2023-03-20T10:27:38","slug":"mitarbeiter","status":"publish","type":"page","link":"https:\/\/rebbz-winterhude.hamburg.de\/?page_id=242","title":{"rendered":"Gemeinsame Aufgaben"},"content":{"rendered":"<p><img loading=\"lazy\" decoding=\"async\" class=\"wp-image-996 alignright\" src=\"https:\/\/rebbz-winterhude.hamburg.de\/wp-content\/uploads\/sites\/656\/2018\/04\/H\u00e4nde-300x146.jpg\" alt=\"\" width=\"199\" height=\"97\" srcset=\"https:\/\/rebbz-winterhude.hamburg.de\/wp-content\/uploads\/sites\/656\/2018\/04\/H\u00e4nde-300x146.jpg 300w, https:\/\/rebbz-winterhude.hamburg.de\/wp-content\/uploads\/sites\/656\/2018\/04\/H\u00e4nde-768x375.jpg 768w, https:\/\/rebbz-winterhude.hamburg.de\/wp-content\/uploads\/sites\/656\/2018\/04\/H\u00e4nde-1024x500.jpg 1024w, https:\/\/rebbz-winterhude.hamburg.de\/wp-content\/uploads\/sites\/656\/2018\/04\/H\u00e4nde.jpg 1236w\" sizes=\"auto, (max-width: 199px) 100vw, 199px\" \/>Wir unterst\u00fctzen mit beiden Abteilungen unseres ReBBZ die inklusive Beschulung in unserer Region.<\/p>\n<p><span style=\"font-size: 16px\">Dazu z\u00e4hlen:<\/span><\/p>\n<ul>\n<li><span style=\"font-size: 16px\">die Unterst\u00fctzung der Schulen sowie der Sch\u00fclerinnen und Sch\u00fcler und ihrer Sorgeberechtigten in besonderen Belastungssituationen durch Kolleg:innen der <strong>Beratungsabteilung<\/strong><\/span><\/li>\n<li><span style=\"font-size: 16px\">die sonderp\u00e4dagogische Diagnostik und F\u00f6rderplanung<\/span><\/li>\n<li><span style=\"font-size: 16px\">die Suche nach einem geeigneten Lernort<\/span><\/li>\n<li><span style=\"font-size: 16px\">die gemeinsame Beratung der Sch\u00fclerinnen und Sch\u00fcler der Bildungsabteilung<\/span><\/li>\n<li><span style=\"font-size: 16px\">die fachliche Vernetzung mit au\u00dferschulischen Partnern<\/span><\/li>\n<li><span style=\"font-size: 16px\">das Angebot der tempor\u00e4ren Lerngruppen<\/span><\/li>\n<\/ul>\n<p>Wir entwickeln unsere Fachlichkeit in beiden Abteilungen weiter und unterst\u00fctzen die Mitarbeiter:innen in den allgemeinen Schulen.<\/p>\n<p>Ein&nbsp; Unterst\u00fctzungsangebot ist die <strong>Schnittstellenarbeit<\/strong>. Praxis- und unterrichtserfahrene Kolleg:innen aus der Bildungsabteilung unterst\u00fctzen vor Ort in den Allgemeinen Schulen bedarfsgerecht und individuell.<\/p>\n<p><strong><a href=\"https:\/\/rebbz-winterhude.hamburg.de\/wp-content\/uploads\/sites\/656\/2023\/03\/Schnittstelle.pdf\">Hier geht&#8217;s zum Flyer Schnittstelle<\/a><\/strong><\/p>\n","protected":false},"excerpt":{"rendered":"<p>Wir unterst\u00fctzen mit beiden Abteilungen unseres ReBBZ die inklusive Beschulung in unserer Region. Dazu z\u00e4hlen: die Unterst\u00fctzung der Schulen sowie der Sch\u00fclerinnen und Sch\u00fcler und ihrer Sorgeberechtigten in besonderen Belastungssituationen durch Kolleg:innen der Beratungsabteilung die sonderp\u00e4dagogische Diagnostik und F\u00f6rderplanung die Suche nach einem geeigneten Lernort die gemeinsame Beratung der Sch\u00fclerinnen und Sch\u00fcler der Bildungsabteilung die &hellip; <a href=\"https:\/\/rebbz-winterhude.hamburg.de\/?page_id=242\" class=\"more-link\"><span class=\"screen-reader-text\">Gemeinsame Aufgaben<\/span> weiterlesen <span class=\"meta-nav\">&rarr;<\/span><\/a><\/p>\n","protected":false},"author":13,"featured_media":0,"parent":0,"menu_order":0,"comment_status":"closed","ping_status":"closed","template":"","meta":{"_acf_changed":false,"footnotes":""},"class_list":["post-242","page","type-page","status-publish","hentry"],"acf":[],"_links":{"self":[{"href":"https:\/\/rebbz-winterhude.hamburg.de\/index.php?rest_route=\/wp\/v2\/pages\/242","targetHints":{"allow":["GET"]}}],"collection":[{"href":"https:\/\/rebbz-winterhude.hamburg.de\/index.php?rest_route=\/wp\/v2\/pages"}],"about":[{"href":"https:\/\/rebbz-winterhude.hamburg.de\/index.php?rest_route=\/wp\/v2\/types\/page"}],"author":[{"embeddable":true,"href":"https:\/\/rebbz-winterhude.hamburg.de\/index.php?rest_route=\/wp\/v2\/users\/13"}],"replies":[{"embeddable":true,"href":"https:\/\/rebbz-winterhude.hamburg.de\/index.php?rest_route=%2Fwp%2Fv2%2Fcomments&post=242"}],"version-history":[{"count":4,"href":"https:\/\/rebbz-winterhude.hamburg.de\/index.php?rest_route=\/wp\/v2\/pages\/242\/revisions"}],"predecessor-version":[{"id":2048,"href":"https:\/\/rebbz-winterhude.hamburg.de\/index.php?rest_route=\/wp\/v2\/pages\/242\/revisions\/2048"}],"wp:attachment":[{"href":"https:\/\/rebbz-winterhude.hamburg.de\/index.php?rest_route=%2Fwp%2Fv2%2Fmedia&parent=242"}],"curies":[{"name":"wp","href":"https:\/\/api.w.org\/{rel}","templated":true}]}}

<p><img loading="lazy" decoding="async" class="wp-image-996 alignright" src="https://rebbz-winterhude.hamburg.de/wp-content/uploads/sites/656/2018/04/Hände-300x146.jpg" alt="" width="199" height="97" srcset="https://rebbz-winterhude.hamburg.de/wp-content/uploads/sites/656/2018/04/Hände-300x146.jpg 300w, https://rebbz-winterhude.hamburg.de/wp-content/uploads/sites/656/2018/04/Hände-768x375.jpg 768w, https://rebbz-winterhude.hamburg.de/wp-content/uploads/sites/656/2018/04/Hände-1024x500.jpg 1024w, https://rebbz-winterhude.hamburg.de/wp-content/uploads/sites/656/2018/04/Hände.jpg 1236w" sizes="auto, (max-width: 199px) 100vw, 199px" />Wir unterstützen mit beiden Abteilungen unseres ReBBZ die inklusive Beschulung in unserer Region.</p>
<p><span style="font-size: 16px">Dazu zählen:</span></p>
<ul>
<li><span style="font-size: 16px">die Unterstützung der Schulen sowie der Schülerinnen und Schüler und ihrer Sorgeberechtigten in besonderen Belastungssituationen durch Kolleg:innen der <strong>Beratungsabteilung</strong></span></li>
<li><span style="font-size: 16px">die sonderpädagogische Diagnostik und Förderplanung</span></li>
<li><span style="font-size: 16px">die Suche nach einem geeigneten Lernort</span></li>
<li><span style="font-size: 16px">die gemeinsame Beratung der Schülerinnen und Schüler der Bildungsabteilung</span></li>
<li><span style="font-size: 16px">die fachliche Vernetzung mit außerschulischen Partnern</span></li>
<li><span style="font-size: 16px">das Angebot der temporären Lerngruppen</span></li>
</ul>
<p>Wir entwickeln unsere Fachlichkeit in beiden Abteilungen weiter und unterstützen die Mitarbeiter:innen in den allgemeinen Schulen.</p>
<p>Ein&nbsp; Unterstützungsangebot ist die <strong>Schnittstellenarbeit</strong>. Praxis- und unterrichtserfahrene Kolleg:innen aus der Bildungsabteilung unterstützen vor Ort in den Allgemeinen Schulen bedarfsgerecht und individuell.</p>
<p><strong><a href="https://rebbz-winterhude.hamburg.de/wp-content/uploads/sites/656/2023/03/Schnittstelle.pdf">Hier geht&#8217;s zum Flyer Schnittstelle</a></strong></p>

<p>Wir unterstützen mit beiden Abteilungen unseres ReBBZ die inklusive Beschulung in unserer Region. Dazu zählen: die Unterstützung der Schulen sowie der Schülerinnen und Schüler und ihrer Sorgeberechtigten in besonderen Belastungssituationen durch Kolleg:innen der Beratungsabteilung die sonderpädagogische Diagnostik und Förderplanung die Suche nach einem geeigneten Lernort die gemeinsame Beratung der Schülerinnen und Schüler der Bildungsabteilung die &hellip; <a href="https://rebbz-winterhude.hamburg.de/?page_id=242" class="more-link"><span class="screen-reader-text">Gemeinsame Aufgaben</span> weiterlesen <span class="meta-nav">&rarr;</span></a></p>
