{"id":560,"date":"2016-11-29T11:00:29","date_gmt":"2016-11-29T10:00:29","guid":{"rendered":"http:\/\/rebbz-winterhude.hamburg.de\/?page_id=560"},"modified":"2018-09-17T12:47:46","modified_gmt":"2018-09-17T10:47:46","slug":"konzepteprofile-schule-eschenweg","status":"publish","type":"page","link":"https:\/\/rebbz-winterhude.hamburg.de\/?page_id=560","title":{"rendered":"Konzepte \/ Profile"},"content":{"rendered":"<p style=\"text-align: justify\"><img loading=\"lazy\" decoding=\"async\" class=\"wp-image-1061 alignright\" src=\"https:\/\/rebbz-winterhude.hamburg.de\/wp-content\/uploads\/sites\/656\/2018\/04\/Kringel-gr\u00fcn-pink-268x300.jpg\" alt=\"\" width=\"117\" height=\"131\" srcset=\"https:\/\/rebbz-winterhude.hamburg.de\/wp-content\/uploads\/sites\/656\/2018\/04\/Kringel-gr\u00fcn-pink-268x300.jpg 268w, https:\/\/rebbz-winterhude.hamburg.de\/wp-content\/uploads\/sites\/656\/2018\/04\/Kringel-gr\u00fcn-pink.jpg 354w\" sizes=\"auto, (max-width: 117px) 100vw, 117px\" \/>Auf den folgenden Seiten werden Ihnen Konzepte und Profile unserer Schule pr\u00e4sentiert! Klicken Sie auf die aufgef\u00fchrten Links, um n\u00e4here Informationen zu erhalten.<\/p>\n<ul style=\"list-style-type: circle\">\n<li><a href=\"https:\/\/rebbz-winterhude.hamburg.de\/?page_id=462\">P\u00e4dagogische Insel<\/a><\/li>\n<li><a href=\"https:\/\/rebbz-winterhude.hamburg.de\/?page_id=758\">Sprachtherapeutischer Unterricht<\/a><\/li>\n<\/ul>\n","protected":false},"excerpt":{"rendered":"<p>Auf den folgenden Seiten werden Ihnen Konzepte und Profile unserer Schule pr\u00e4sentiert! Klicken Sie auf die aufgef\u00fchrten Links, um n\u00e4here Informationen zu erhalten. P\u00e4dagogische Insel Sprachtherapeutischer Unterricht<\/p>\n","protected":false},"author":707,"featured_media":0,"parent":0,"menu_order":0,"comment_status":"closed","ping_status":"closed","template":"","meta":{"_acf_changed":false,"footnotes":""},"class_list":["post-560","page","type-page","status-publish","hentry"],"acf":[],"_links":{"self":[{"href":"https:\/\/rebbz-winterhude.hamburg.de\/index.php?rest_route=\/wp\/v2\/pages\/560","targetHints":{"allow":["GET"]}}],"collection":[{"href":"https:\/\/rebbz-winterhude.hamburg.de\/index.php?rest_route=\/wp\/v2\/pages"}],"about":[{"href":"https:\/\/rebbz-winterhude.hamburg.de\/index.php?rest_route=\/wp\/v2\/types\/page"}],"author":[{"embeddable":true,"href":"https:\/\/rebbz-winterhude.hamburg.de\/index.php?rest_route=\/wp\/v2\/users\/707"}],"replies":[{"embeddable":true,"href":"https:\/\/rebbz-winterhude.hamburg.de\/index.php?rest_route=%2Fwp%2Fv2%2Fcomments&post=560"}],"version-history":[{"count":1,"href":"https:\/\/rebbz-winterhude.hamburg.de\/index.php?rest_route=\/wp\/v2\/pages\/560\/revisions"}],"predecessor-version":[{"id":757,"href":"https:\/\/rebbz-winterhude.hamburg.de\/index.php?rest_route=\/wp\/v2\/pages\/560\/revisions\/757"}],"wp:attachment":[{"href":"https:\/\/rebbz-winterhude.hamburg.de\/index.php?rest_route=%2Fwp%2Fv2%2Fmedia&parent=560"}],"curies":[{"name":"wp","href":"https:\/\/api.w.org\/{rel}","templated":true}]}}