{"id":773,"date":"2017-07-10T16:23:39","date_gmt":"2017-07-10T14:23:39","guid":{"rendered":"http:\/\/rebbz-winterhude.hamburg.de\/?page_id=773"},"modified":"2018-11-14T12:48:46","modified_gmt":"2018-11-14T11:48:46","slug":"beratungsverstaendnis","status":"publish","type":"page","link":"https:\/\/rebbz-winterhude.hamburg.de\/?page_id=773","title":{"rendered":"Beratungsverst\u00e4ndnis"},"content":{"rendered":"<p><img loading=\"lazy\" decoding=\"async\" class=\"size-full wp-image-938 aligncenter\" src=\"https:\/\/rebbz-winterhude.hamburg.de\/wp-content\/uploads\/sites\/656\/2018\/02\/Logo-Beratung-Bildung.png\" alt=\"\" width=\"177\" height=\"150\" \/><\/p>\n<p style=\"text-align: justify\"><span style=\"color: #000000\">Die Beratung<\/span> des ReBBZ Winterhude stellt eine professionelle soziale Dienstleistung dar. Dies beinhaltet, dass ein explizites Beratungssetting mit Rahmung, Auftragskl\u00e4rung, Kontrakt und Transparenz geschaffen wird.<\/p>\n<p style=\"text-align: justify\">Es handelt sich in der Regel um eine freiwillige, zeitlich umrissene, prozesshafte, interessensensible und ergebnisoffene Interaktion zwischen einer Ratsuchenden\/einem Ratsuchenden und einer Beraterin \/ einem Berater. Einbezogen sind aber auch Kontexte, in denen Beratung obligatorisch ist.<\/p>\n<p style=\"text-align: justify\">Im Zentrum der Beratung stehen die Ratsuchenden\u00a0mit ihren Interessen, Ressourcen und Lebensumst\u00e4nden, wobei Beratung immer in einem geteilten Verantwortungskontext stattfindet, in dem die beteiligten Personen und die Beratungsorganisation gleicherma\u00dfen Verantwortung f\u00fcr den Beratungsprozess \u00fcbernehmen.<\/p>\n<p style=\"text-align: justify\">Die Beratung geht oft \u00fcber eine Informationsvermittlung hinaus und umfasst eine subjektiv relevante Reflexion von Sachverhalten, die u.a. eine begr\u00fcndete Entscheidungsfindung seitens der Ratsuchenden erm\u00f6glicht.<\/p>\n<p style=\"text-align: justify\"><span style=\"font-size: 12px\">(angelehnt an Publikation Beratungsqualit\u00e4t vom Nationalen Forum Beratung in Bildung, Beruf und Besch\u00e4ftigung, 2014)<\/span><\/p>\n","protected":false},"excerpt":{"rendered":"<p>Die Beratung des ReBBZ Winterhude stellt eine professionelle soziale Dienstleistung dar. Dies beinhaltet, dass ein explizites Beratungssetting mit Rahmung, Auftragskl\u00e4rung, Kontrakt und Transparenz geschaffen wird. Es handelt sich in der Regel um eine freiwillige, zeitlich umrissene, prozesshafte, interessensensible und ergebnisoffene Interaktion zwischen einer Ratsuchenden\/einem Ratsuchenden und einer Beraterin \/ einem Berater. Einbezogen sind aber auch &hellip; <a href=\"https:\/\/rebbz-winterhude.hamburg.de\/?page_id=773\" class=\"more-link\"><span class=\"screen-reader-text\">Beratungsverst\u00e4ndnis<\/span> weiterlesen <span class=\"meta-nav\">&rarr;<\/span><\/a><\/p>\n","protected":false},"author":707,"featured_media":0,"parent":0,"menu_order":0,"comment_status":"closed","ping_status":"closed","template":"","meta":{"_acf_changed":false,"footnotes":""},"class_list":["post-773","page","type-page","status-publish","hentry"],"acf":[],"_links":{"self":[{"href":"https:\/\/rebbz-winterhude.hamburg.de\/index.php?rest_route=\/wp\/v2\/pages\/773","targetHints":{"allow":["GET"]}}],"collection":[{"href":"https:\/\/rebbz-winterhude.hamburg.de\/index.php?rest_route=\/wp\/v2\/pages"}],"about":[{"href":"https:\/\/rebbz-winterhude.hamburg.de\/index.php?rest_route=\/wp\/v2\/types\/page"}],"author":[{"embeddable":true,"href":"https:\/\/rebbz-winterhude.hamburg.de\/index.php?rest_route=\/wp\/v2\/users\/707"}],"replies":[{"embeddable":true,"href":"https:\/\/rebbz-winterhude.hamburg.de\/index.php?rest_route=%2Fwp%2Fv2%2Fcomments&post=773"}],"version-history":[{"count":0,"href":"https:\/\/rebbz-winterhude.hamburg.de\/index.php?rest_route=\/wp\/v2\/pages\/773\/revisions"}],"wp:attachment":[{"href":"https:\/\/rebbz-winterhude.hamburg.de\/index.php?rest_route=%2Fwp%2Fv2%2Fmedia&parent=773"}],"curies":[{"name":"wp","href":"https:\/\/api.w.org\/{rel}","templated":true}]}}