{"id":778,"date":"2017-07-10T16:26:24","date_gmt":"2017-07-10T14:26:24","guid":{"rendered":"http:\/\/rebbz-winterhude.hamburg.de\/?page_id=778"},"modified":"2019-04-11T14:10:33","modified_gmt":"2019-04-11T12:10:33","slug":"schulabsentismus","status":"publish","type":"page","link":"https:\/\/rebbz-winterhude.hamburg.de\/?page_id=778","title":{"rendered":"Schulabsentismus"},"content":{"rendered":"<p style=\"text-align: justify\">Wenn Sch\u00fclerinnen und Sch\u00fcler die <a href=\"https:\/\/www.hamburg.de\/bsb\/handreichungen\/3639432\/schulpflichtverletzungen\">Schulpflicht<\/a> verletzen, also unregelm\u00e4\u00dfig zur Schule kommen oder der Schule fernbleiben, sind in erster Linie die Beratungsdienste der Schulen zust\u00e4ndig.<\/p>\n<p><img loading=\"lazy\" decoding=\"async\" width=\"224\" height=\"141\" class=\"wp-image-1001 alignright\" alt=\"\" src=\"https:\/\/rebbz-winterhude.hamburg.de\/wp-content\/uploads\/sites\/656\/2018\/04\/Schule.jpg\" srcset=\"https:\/\/rebbz-winterhude.hamburg.de\/wp-content\/uploads\/sites\/656\/2018\/04\/Schule.jpg 1086w, https:\/\/rebbz-winterhude.hamburg.de\/wp-content\/uploads\/sites\/656\/2018\/04\/Schule-300x188.jpg 300w, https:\/\/rebbz-winterhude.hamburg.de\/wp-content\/uploads\/sites\/656\/2018\/04\/Schule-768x482.jpg 768w, https:\/\/rebbz-winterhude.hamburg.de\/wp-content\/uploads\/sites\/656\/2018\/04\/Schule-1024x643.jpg 1024w\" sizes=\"auto, (max-width: 224px) 100vw, 224px\" \/><\/p>\n<p style=\"text-align: justify\">Wenn Schulen mit ihren eigenen Mitteln nicht erfolgreich sind und sich die Problematik verfestigt, nehmen die Schulen bzw. deren Beratungsdienste Kontakt zur Beratungsabteilung des ReBBZ auf.<\/p>\n<p style=\"text-align: justify\">Eltern wissen manchmal nicht mehr weiter, wenn ihr Kind nicht zur Schule gehen m\u00f6chte. Dabei ist es wichtig, dass sie sich m\u00f6glichst fr\u00fch an die Beratungsabteilung wenden, denn einerseits sind dann die Aussichten am besten, den Ausstieg aus dem Lernen zu verhindern, andererseits wird auf diesem Wege auch z\u00fcgig abgekl\u00e4rt, ob die <a href=\"https:\/\/rebbz-winterhude.hamburg.de\/?page_id=1344\">Schulpflichtverletzung<\/a> nicht auch ein Indikator f\u00fcr weitergehende andere Schwierigkeiten darstellt.<\/p>\n<p style=\"text-align: justify\"><img loading=\"lazy\" decoding=\"async\" width=\"161\" height=\"113\" class=\"wp-image-1000 alignleft\" alt=\"\" src=\"https:\/\/rebbz-winterhude.hamburg.de\/wp-content\/uploads\/sites\/656\/2018\/04\/einklatschen-high-five.jpg\" srcset=\"https:\/\/rebbz-winterhude.hamburg.de\/wp-content\/uploads\/sites\/656\/2018\/04\/einklatschen-high-five.jpg 1088w, https:\/\/rebbz-winterhude.hamburg.de\/wp-content\/uploads\/sites\/656\/2018\/04\/einklatschen-high-five-300x210.jpg 300w, https:\/\/rebbz-winterhude.hamburg.de\/wp-content\/uploads\/sites\/656\/2018\/04\/einklatschen-high-five-768x539.jpg 768w, https:\/\/rebbz-winterhude.hamburg.de\/wp-content\/uploads\/sites\/656\/2018\/04\/einklatschen-high-five-1024x718.jpg 1024w\" sizes=\"auto, (max-width: 161px) 100vw, 161px\" \/>In vielen F\u00e4llen k\u00f6nnen wir beratend und vermittelnd t\u00e4tig werden. Wie in allen unseren Beratungen gilt auch hier, dass m\u00f6glichst alle Beteiligten in den L\u00f6sungsprozess eingebunden sein sollten.<\/p>\n<p style=\"text-align: justify\">Auch das Einbeziehen anderer Institutionen kann manchmal hilfreich sein.<\/p>\n","protected":false},"excerpt":{"rendered":"<p>Wenn Sch\u00fclerinnen und Sch\u00fcler die Schulpflicht verletzen, also unregelm\u00e4\u00dfig zur Schule kommen oder der Schule fernbleiben, sind in erster Linie die Beratungsdienste der Schulen zust\u00e4ndig. Wenn Schulen mit ihren eigenen Mitteln nicht erfolgreich sind und sich die Problematik verfestigt, nehmen die Schulen bzw. deren Beratungsdienste Kontakt zur Beratungsabteilung des ReBBZ auf. Eltern wissen manchmal nicht &hellip; <a href=\"https:\/\/rebbz-winterhude.hamburg.de\/?page_id=778\" class=\"more-link\"><span class=\"screen-reader-text\">Schulabsentismus<\/span> weiterlesen <span class=\"meta-nav\">&rarr;<\/span><\/a><\/p>\n","protected":false},"author":707,"featured_media":0,"parent":0,"menu_order":0,"comment_status":"closed","ping_status":"closed","template":"","meta":{"_acf_changed":false,"footnotes":""},"class_list":["post-778","page","type-page","status-publish","hentry"],"acf":[],"_links":{"self":[{"href":"https:\/\/rebbz-winterhude.hamburg.de\/index.php?rest_route=\/wp\/v2\/pages\/778","targetHints":{"allow":["GET"]}}],"collection":[{"href":"https:\/\/rebbz-winterhude.hamburg.de\/index.php?rest_route=\/wp\/v2\/pages"}],"about":[{"href":"https:\/\/rebbz-winterhude.hamburg.de\/index.php?rest_route=\/wp\/v2\/types\/page"}],"author":[{"embeddable":true,"href":"https:\/\/rebbz-winterhude.hamburg.de\/index.php?rest_route=\/wp\/v2\/users\/707"}],"replies":[{"embeddable":true,"href":"https:\/\/rebbz-winterhude.hamburg.de\/index.php?rest_route=%2Fwp%2Fv2%2Fcomments&post=778"}],"version-history":[{"count":1,"href":"https:\/\/rebbz-winterhude.hamburg.de\/index.php?rest_route=\/wp\/v2\/pages\/778\/revisions"}],"predecessor-version":[{"id":950,"href":"https:\/\/rebbz-winterhude.hamburg.de\/index.php?rest_route=\/wp\/v2\/pages\/778\/revisions\/950"}],"wp:attachment":[{"href":"https:\/\/rebbz-winterhude.hamburg.de\/index.php?rest_route=%2Fwp%2Fv2%2Fmedia&parent=778"}],"curies":[{"name":"wp","href":"https:\/\/api.w.org\/{rel}","templated":true}]}}