{"id":924,"date":"2018-02-20T13:09:36","date_gmt":"2018-02-20T12:09:36","guid":{"rendered":"http:\/\/rebbz-winterhude.hamburg.de\/?page_id=924"},"modified":"2021-06-16T10:18:06","modified_gmt":"2021-06-16T08:18:06","slug":"schuelerrat-2","status":"publish","type":"page","link":"https:\/\/rebbz-winterhude.hamburg.de\/?page_id=924","title":{"rendered":"Sch\u00fclerrat"},"content":{"rendered":"<p><strong><img loading=\"lazy\" decoding=\"async\" width=\"181\" height=\"145\" class=\"wp-image-992 alignright\" alt=\"\" src=\"https:\/\/rebbz-winterhude.hamburg.de\/wp-content\/uploads\/sites\/656\/2018\/04\/Sch\u00fcler-\u00fcberlegen-300x240.jpg\" srcset=\"https:\/\/rebbz-winterhude.hamburg.de\/wp-content\/uploads\/sites\/656\/2018\/04\/Sch\u00fcler-\u00fcberlegen-300x240.jpg 300w, https:\/\/rebbz-winterhude.hamburg.de\/wp-content\/uploads\/sites\/656\/2018\/04\/Sch\u00fcler-\u00fcberlegen-768x616.jpg 768w, https:\/\/rebbz-winterhude.hamburg.de\/wp-content\/uploads\/sites\/656\/2018\/04\/Sch\u00fcler-\u00fcberlegen.jpg 842w\" sizes=\"auto, (max-width: 181px) 100vw, 181px\" \/>Wer,&nbsp; wann, wozu?<\/strong><\/p>\n<p>Der Sch\u00fclerrat der Schule&nbsp; setzt sich aus den gew\u00e4hlten Klassensprechern und den gew\u00e4hlten Schulsprechern zusammen, trifft sich regelm\u00e4\u00dfig mit der entsprechenden Verbindungslehrerin und bietet ein Forum f\u00fcr Anregungen, Meinungen, W\u00fcnsche und klassen\u00fcbergreifenden Austausch.<\/p>\n<p style=\"text-align: justify\"><strong>Schule gestalten<\/strong><\/p>\n<p>Grunds\u00e4tzliches Anliegen des Sch\u00fclerrates ist es, die Sch\u00fcler in Entscheidungsprozesse einzubeziehen und Ihnen eine st\u00e4rkere Mitgestaltung des Schullebens zu erm\u00f6glichen. Die Sch\u00fclerInnen lernen und leben demokratische Grunds\u00e4tze, wie das Vertreten ihrer Interessen, Einhaltung von Gespr\u00e4chsregeln und Tagesordnung, Protokollf\u00fchrung und Gremienarbeit.<\/p>\n<p><strong>Klassensprecher \u00fcbermitteln Ideen<\/strong><\/p>\n<p style=\"text-align: justify\">Die Klassensprecher bringen Ideen aus dem Klassenrat mit in den Sch\u00fclerrat, entscheiden \u00fcber die Tagesordnung, diskutieren die mitgebrachten Themen und berichten ihren Klassen anschlie\u00dfend von dem weiteren Vorgehen und den besprochenen Inhalten.<\/p>\n<p><strong>W\u00fcnsche im Kollegium und im Kreissch\u00fclerrat \u00e4u\u00dfern<\/strong><\/p>\n<p style=\"text-align: justify\">Die Schulsprecher, die gemeinsam mit der Verbindungslehrerin den Sch\u00fclerrat leiten, sind Verbindungsglied zwischen Kollegium\/Schulleitung und Sch\u00fclerschaft und tragen die erarbeiteten Anliegen an entsprechender Stelle vor (bspw. in der Pausenkonferenz des Kollegiums oder in Einzelgespr\u00e4chen mit der Schulleitung). Sie besuchen au\u00dferdem die monatlich stattfindenden Treffen des Kreissch\u00fclerrates und berichten anschlie\u00dfend im Sch\u00fclerrat davon<\/p>\n","protected":false},"excerpt":{"rendered":"<p>Wer,&nbsp; wann, wozu? Der Sch\u00fclerrat der Schule&nbsp; setzt sich aus den gew\u00e4hlten Klassensprechern und den gew\u00e4hlten Schulsprechern zusammen, trifft sich regelm\u00e4\u00dfig mit der entsprechenden Verbindungslehrerin und bietet ein Forum f\u00fcr Anregungen, Meinungen, W\u00fcnsche und klassen\u00fcbergreifenden Austausch. Schule gestalten Grunds\u00e4tzliches Anliegen des Sch\u00fclerrates ist es, die Sch\u00fcler in Entscheidungsprozesse einzubeziehen und Ihnen eine st\u00e4rkere Mitgestaltung des &hellip; <a href=\"https:\/\/rebbz-winterhude.hamburg.de\/?page_id=924\" class=\"more-link\"><span class=\"screen-reader-text\">Sch\u00fclerrat<\/span> weiterlesen <span class=\"meta-nav\">&rarr;<\/span><\/a><\/p>\n","protected":false},"author":761,"featured_media":0,"parent":0,"menu_order":0,"comment_status":"closed","ping_status":"closed","template":"","meta":{"_acf_changed":false,"footnotes":""},"class_list":["post-924","page","type-page","status-publish","hentry"],"acf":[],"_links":{"self":[{"href":"https:\/\/rebbz-winterhude.hamburg.de\/index.php?rest_route=\/wp\/v2\/pages\/924","targetHints":{"allow":["GET"]}}],"collection":[{"href":"https:\/\/rebbz-winterhude.hamburg.de\/index.php?rest_route=\/wp\/v2\/pages"}],"about":[{"href":"https:\/\/rebbz-winterhude.hamburg.de\/index.php?rest_route=\/wp\/v2\/types\/page"}],"author":[{"embeddable":true,"href":"https:\/\/rebbz-winterhude.hamburg.de\/index.php?rest_route=\/wp\/v2\/users\/761"}],"replies":[{"embeddable":true,"href":"https:\/\/rebbz-winterhude.hamburg.de\/index.php?rest_route=%2Fwp%2Fv2%2Fcomments&post=924"}],"version-history":[{"count":4,"href":"https:\/\/rebbz-winterhude.hamburg.de\/index.php?rest_route=\/wp\/v2\/pages\/924\/revisions"}],"predecessor-version":[{"id":1699,"href":"https:\/\/rebbz-winterhude.hamburg.de\/index.php?rest_route=\/wp\/v2\/pages\/924\/revisions\/1699"}],"wp:attachment":[{"href":"https:\/\/rebbz-winterhude.hamburg.de\/index.php?rest_route=%2Fwp%2Fv2%2Fmedia&parent=924"}],"curies":[{"name":"wp","href":"https:\/\/api.w.org\/{rel}","templated":true}]}}